{"id":367,"date":"2017-02-01T04:22:03","date_gmt":"2017-02-01T04:22:03","guid":{"rendered":"http:\/\/themes.quitenicestuff2.com\/chauffeurwp\/demo\/?page_id=12"},"modified":"2024-03-08T16:35:03","modified_gmt":"2024-03-08T15:35:03","slug":"booking","status":"publish","type":"page","link":"https:\/\/www.olicarstoulon.fr\/index.php\/booking\/","title":{"rendered":"Demande de devis en ligne"},"content":{"rendered":"<div class=\"wpb-content-wrapper\"><p>[vc_row][vc_column]<!-- BEGIN .booking-step-wrapper -->\n\t\t<div class=\"booking-step-wrapper clearfix\">\n<div class=\"step-wrapper clearfix\">\t\n\t<div class=\"step-icon-wrapper\">\n\t\n\t\t\t\t\t<div class=\"step-icon step-icon-current\">1.<\/div>\n\t\t\t\t\n\t<\/div>\n\t<div class=\"step-title\">Trip Details<\/div>\n<\/div>\n\n<div class=\"step-wrapper clearfix\">\n\t<div class=\"step-icon-wrapper\">\n\t\t\n\t\t\t\t\t<div class=\"step-icon\">2.<\/div>\n\t\t\t\t\n\t<\/div>\n\t<div class=\"step-title\">Select Vehicle<\/div>\n<\/div>\n\n<div class=\"step-wrapper clearfix\">\n\t<div class=\"step-icon-wrapper\">\n\t\t\n\t\t\t\t\t<div class=\"step-icon\">3.<\/div>\n\t\t\t\t\n\t<\/div>\n\t\t\t<div class=\"step-title\">Review Details<\/div>\n\t<\/div>\n\n<div class=\"step-wrapper qns-last clearfix\">\n\t<div class=\"step-icon-wrapper\">\n\t\t\n\t\t\t\t\t<div class=\"step-icon\">4.<\/div>\n\t\t\t\t\n\t<\/div>\n\t<div class=\"step-title\">Confirmation<\/div>\n<\/div>\n\n<div class=\"step-line\"><\/div><!-- END .booking-step-wrapper -->\n\t\t<\/div><!-- BEGIN .clearfix -->\n\t\t<div class=\"booking-form-content clearfix\">\n\n\t\t\t<!-- BEGIN .widget-booking-form-wrapper -->\n\t\t\t<div class=\"widget-booking-form-wrapper booking-step-1-form\">\n\n\t\t\t\t<!-- BEGIN #booking-tabs -->\n\t\t\t\t<div id=\"booking-tabs\">\n\n\t\t\t\t\t<ul class=\"nav clearfix\">\n\t\t\t\t\t\t<li><a id=\"tab1\" href=\"#tab-one-way\">Distance<\/a><\/li>\n\t\t\t\t\t\t<li><a id=\"tab2\" href=\"#tab-hourly\">Hourly<\/a><\/li>\n\t\t\t\t\t\t<li><a id=\"tab3\" href=\"#tab-flat\">Flat Rate<\/a><\/li>\n\t\t\t\t\t<\/ul>\n\n\t\t\t\t\t<!-- BEGIN #tab-one-way -->\n\t\t\t\t\t<div id=\"tab-one-way\">\n\n\t\t\t\t\t\t<!-- BEGIN .booking-form-1 -->\n\t\t\t\t\t\t<form class=\"booking-form-1 one-way-transfer-form\">\n\n\t\t\t\t\t\t\t<input type=\"text\" name=\"pickup-address\" id=\"pickup-address1\" class=\"pickup-address\" placeholder=\"Pick Up Address\" \/>\n\t\t\t\t\t\t\t<input type=\"text\" name=\"dropoff-address\" id=\"dropoff-address1\" class=\"dropoff-address\" placeholder=\"Drop Off Address\" \/>\n\t\t\t\t\t\t\t\n\t\t\t\t\t\t\t<div class=\"select-wrapper\">\n\t\t\t\t\t\t\t\t<i class=\"fa fa-angle-down\"><\/i>\n\t\t\t\t\t\t\t \t<select name=\"return-journey\">\n\t\t\t\t\t\t\t\t\t<option value=\"false\">One Way<\/option>\n\t\t\t\t\t\t\t\t\t<option value=\"true\">Return<\/option>\n\t\t\t\t\t\t\t\t<\/select>\n\t\t\t\t\t\t\t<\/div>\n\t\t\t\t\t\t\t\n\t\t\t\t\t\t\t<input type=\"text\" name=\"pickup-date\" class=\"datepicker pickup-date1\" value=\"\" placeholder=\"Pick Up Date\" \/>\n\t\t\t\t\t\t\t\n\t\t\t\t\t\t\t\n\t\t\t\t\t\t\t<div class=\"booking-form-time\">\n\t\t\t\t\t\t\t\t<label>Pick Up Time<\/label>\n\t\t\t\t\t\t\t<\/div>\n\n\t\t\t\t\t\t\t<div class=\"booking-form-hour\">\n\t\t\t\t\t\t\t\t<div class=\"select-wrapper\">\n\t\t\t\t\t\t\t\t\t<i class=\"fa fa-angle-down\"><\/i>\n\t\t\t\t\t\t\t\t \t<select name=\"time-hour\" class=\"time-hour1\"><option value=\"01\">01<\/option>\n\t\t<option value=\"02\">02<\/option>\n\t\t<option value=\"03\">03<\/option>\n\t\t<option value=\"04\">04<\/option>\n\t\t<option value=\"05\">05<\/option>\n\t\t<option value=\"06\">06<\/option>\n\t\t<option value=\"07\">07<\/option>\n\t\t<option value=\"08\">08<\/option>\n\t\t<option value=\"09\">09<\/option>\n\t\t<option value=\"10\">10<\/option>\n\t\t<option value=\"11\">11<\/option>\n\t\t<option value=\"12\">12<\/option>\n\t\t<option value=\"13\">13<\/option>\n\t\t<option value=\"14\">14<\/option>\n\t\t<option value=\"15\">15<\/option>\n\t\t<option value=\"16\">16<\/option>\n\t\t<option value=\"17\">17<\/option>\n\t\t<option value=\"18\">18<\/option>\n\t\t<option value=\"19\">19<\/option>\n\t\t<option value=\"20\">20<\/option>\n\t\t<option value=\"21\">21<\/option>\n\t\t<option value=\"22\">22<\/option>\n\t\t<option value=\"23\">23<\/option>\n\t\t<option value=\"00\">00<\/option><\/select>\n\t\t\t\t\t\t\t\t<\/div>\n\t\t\t\t\t\t\t<\/div>\n\n\t\t\t\t\t\t\t<div class=\"booking-form-min\">\n\t\t\t\t\t\t\t\t<div class=\"select-wrapper\">\n\t\t\t\t\t\t\t\t\t<i class=\"fa fa-angle-down\"><\/i>\n\t\t\t\t\t\t\t\t \t<select name=\"time-min\" class=\"time-min1\">\n\t\t\t\t\t\t\t\t\t\t<option value=\"00\">00<\/option>\n\t\t\t\t\t\t\t\t\t\t<option value=\"05\">05<\/option>\n\t\t\t\t\t\t\t\t\t\t<option value=\"10\">10<\/option>\n\t\t\t\t\t\t\t\t\t\t<option value=\"15\">15<\/option>\n\t\t\t\t\t\t\t\t\t\t<option value=\"20\">20<\/option>\n\t\t\t\t\t\t\t\t\t\t<option value=\"25\">25<\/option>\n\t\t\t\t\t\t\t\t\t\t<option value=\"30\">30<\/option>\n\t\t\t\t\t\t\t\t\t\t<option value=\"35\">35<\/option>\n\t\t\t\t\t\t\t\t\t\t<option value=\"40\">40<\/option>\n\t\t\t\t\t\t\t\t\t\t<option value=\"45\">45<\/option>\n\t\t\t\t\t\t\t\t\t\t<option value=\"50\">50<\/option>\n\t\t\t\t\t\t\t\t\t\t<option value=\"55\">55<\/option>\n\t\t\t\t\t\t\t\t\t<\/select>\n\t\t\t\t\t\t\t\t<\/div>\n\t\t\t\t\t\t\t<\/div>\n\n\t\t\t\t\t\t\t<input type=\"hidden\" name=\"form_type\" value=\"one_way\" \/>\n\t\t\t\t\t\t\t<input type=\"hidden\" name=\"first_booking_step\" class=\"first_booking_step\" value=\"1\" \/>\n\n\t\t\t\t\t\t\t<input type=\"hidden\" name=\"action\" value=\"contactform_action\" \/>\n\t\t\t\t\t\t\t<input type=\"hidden\" id=\"_acf_nonce1\" name=\"_acf_nonce1\" value=\"a325dda905\" \/><input type=\"hidden\" name=\"_wp_http_referer\" value=\"\/index.php\/wp-json\/wp\/v2\/pages\/367\" \/>\n\n\t\t\t\t\t\t\t<button type=\"button\" class=\"bookingbutton1\">\n\t\t\t\t \t\t\t\t<span>Reserve Now<\/span>\n\t\t\t\t\t\t\t<\/button>\n\n\t\t\t\t\t\t<!-- END .booking-form-1 -->\n\t\t\t\t\t\t<\/form>\n\n\t\t\t\t\t<!-- END #tab-one-way -->\n\t\t\t\t\t<\/div>\n\n\t\t\t\t\t<!-- BEGIN #tab-hourly -->\n\t\t\t\t\t<div id=\"tab-hourly\">\n\n\t\t\t\t\t\t<!-- BEGIN .booking-form-1 -->\n\t\t\t\t\t\t<form class=\"booking-form-1 hourly-service-form\">\n\n\t\t\t\t\t\t\t<input type=\"text\" name=\"pickup-address\" id=\"pickup-address2\" class=\"pickup-address\" placeholder=\"Pick Up Address\" \/>\n\n\t\t\t\t\t\t\t<div class=\"one-third\">\n\t\t\t\t\t\t\t\t<label>Trip Duration<\/label>\n\t\t\t\t\t\t\t<\/div>\n\n\t\t\t\t\t\t\t<div class=\"two-thirds last-col\">\n\t\t\t\t\t\t\t\t<div class=\"select-wrapper\">\n\t\t\t\t\t\t\t\t\t<i class=\"fa fa-angle-down\"><\/i>\n\t\t\t\t\t\t\t\t \t<select name=\"num-hours\" class=\"ch-num-hours\"><option value=\"1\">1 Hour(s)<\/option><option value=\"2\">2 Hour(s)<\/option><option value=\"3\">3 Hour(s)<\/option><option value=\"4\">4 Hour(s)<\/option><option value=\"5\">5 Hour(s)<\/option><option value=\"6\">6 Hour(s)<\/option><option value=\"7\">7 Hour(s)<\/option><option value=\"8\">8 Hour(s)<\/option><option value=\"9\">9 Hour(s)<\/option><option value=\"10\">10 Hour(s)<\/option><option value=\"11\">11 Hour(s)<\/option><option value=\"12\">12 Hour(s)<\/option><option value=\"13\">13 Hour(s)<\/option><option value=\"14\">14 Hour(s)<\/option><option value=\"15\">15 Hour(s)<\/option><option value=\"16\">16 Hour(s)<\/option><option value=\"17\">17 Hour(s)<\/option><option value=\"18\">18 Hour(s)<\/option><option value=\"19\">19 Hour(s)<\/option><option value=\"20\">20 Hour(s)<\/option><option value=\"21\">21 Hour(s)<\/option><option value=\"22\">22 Hour(s)<\/option><option value=\"23\">23 Hour(s)<\/option><option value=\"24\">24 Hour(s)<\/option><option value=\"25\">25 Hour(s)<\/option><option value=\"26\">26 Hour(s)<\/option><option value=\"27\">27 Hour(s)<\/option><option value=\"28\">28 Hour(s)<\/option><option value=\"29\">29 Hour(s)<\/option><option value=\"30\">30 Hour(s)<\/option><option value=\"31\">31 Hour(s)<\/option><option value=\"32\">32 Hour(s)<\/option><option value=\"33\">33 Hour(s)<\/option><option value=\"34\">34 Hour(s)<\/option><option value=\"35\">35 Hour(s)<\/option><option value=\"36\">36 Hour(s)<\/option><option value=\"37\">37 Hour(s)<\/option><option value=\"38\">38 Hour(s)<\/option><option value=\"39\">39 Hour(s)<\/option><option value=\"40\">40 Hour(s)<\/option><option value=\"41\">41 Hour(s)<\/option><option value=\"42\">42 Hour(s)<\/option><option value=\"43\">43 Hour(s)<\/option><option value=\"44\">44 Hour(s)<\/option><option value=\"45\">45 Hour(s)<\/option><option value=\"46\">46 Hour(s)<\/option><option value=\"47\">47 Hour(s)<\/option><option value=\"48\">48 Hour(s)<\/option><\/select>\n\t\t\t\t\t\t\t\t<\/div>\n\t\t\t\t\t\t\t<\/div>\n\n\t\t\t\t\t\t\t<input type=\"text\" name=\"dropoff-address\" id=\"dropoff-address2\" class=\"dropoff-address\" placeholder=\"Drop Off Address\" \/>\n\t\t\t\t\t\t\t<input type=\"text\" name=\"pickup-date\" class=\"datepicker pickup-date2\" value=\"\" placeholder=\"Pick Up Date\" \/>\n\n\t\t\t\t\t\t\t<div class=\"booking-form-time\">\n\t\t\t\t\t\t\t\t<label>Pick Up Time<\/label>\n\t\t\t\t\t\t\t<\/div>\n\n\t\t\t\t\t\t\t<div class=\"booking-form-hour\">\n\t\t\t\t\t\t\t\t<div class=\"select-wrapper\">\n\t\t\t\t\t\t\t\t\t<i class=\"fa fa-angle-down\"><\/i>\n\t\t\t\t\t\t\t\t \t<select name=\"time-hour\" class=\"time-hour2\"><option value=\"01\">01<\/option>\n\t\t<option value=\"02\">02<\/option>\n\t\t<option value=\"03\">03<\/option>\n\t\t<option value=\"04\">04<\/option>\n\t\t<option value=\"05\">05<\/option>\n\t\t<option value=\"06\">06<\/option>\n\t\t<option value=\"07\">07<\/option>\n\t\t<option value=\"08\">08<\/option>\n\t\t<option value=\"09\">09<\/option>\n\t\t<option value=\"10\">10<\/option>\n\t\t<option value=\"11\">11<\/option>\n\t\t<option value=\"12\">12<\/option>\n\t\t<option value=\"13\">13<\/option>\n\t\t<option value=\"14\">14<\/option>\n\t\t<option value=\"15\">15<\/option>\n\t\t<option value=\"16\">16<\/option>\n\t\t<option value=\"17\">17<\/option>\n\t\t<option value=\"18\">18<\/option>\n\t\t<option value=\"19\">19<\/option>\n\t\t<option value=\"20\">20<\/option>\n\t\t<option value=\"21\">21<\/option>\n\t\t<option value=\"22\">22<\/option>\n\t\t<option value=\"23\">23<\/option>\n\t\t<option value=\"00\">00<\/option><\/select>\n\t\t\t\t\t\t\t\t<\/div>\n\t\t\t\t\t\t\t<\/div>\n\n\t\t\t\t\t\t\t<div class=\"booking-form-min\">\n\t\t\t\t\t\t\t\t<div class=\"select-wrapper\">\n\t\t\t\t\t\t\t\t\t<i class=\"fa fa-angle-down\"><\/i>\n\t\t\t\t\t\t\t\t \t<select name=\"time-min\" class=\"time-min2\">\n\t\t\t\t\t\t\t\t\t\t<option value=\"00\">00<\/option>\n\t\t\t\t\t\t\t\t\t\t<option value=\"05\">05<\/option>\n\t\t\t\t\t\t\t\t\t\t<option value=\"10\">10<\/option>\n\t\t\t\t\t\t\t\t\t\t<option value=\"15\">15<\/option>\n\t\t\t\t\t\t\t\t\t\t<option value=\"20\">20<\/option>\n\t\t\t\t\t\t\t\t\t\t<option value=\"25\">25<\/option>\n\t\t\t\t\t\t\t\t\t\t<option value=\"30\">30<\/option>\n\t\t\t\t\t\t\t\t\t\t<option value=\"35\">35<\/option>\n\t\t\t\t\t\t\t\t\t\t<option value=\"40\">40<\/option>\n\t\t\t\t\t\t\t\t\t\t<option value=\"45\">45<\/option>\n\t\t\t\t\t\t\t\t\t\t<option value=\"50\">50<\/option>\n\t\t\t\t\t\t\t\t\t\t<option value=\"55\">55<\/option>\n\t\t\t\t\t\t\t\t\t<\/select>\n\t\t\t\t\t\t\t\t<\/div>\n\t\t\t\t\t\t\t<\/div>\n\n\t\t\t\t\t\t\t<input type=\"hidden\" name=\"form_type\" value=\"hourly\" \/>\n\t\t\t\t\t\t\t<input type=\"hidden\" name=\"first_booking_step\" class=\"first_booking_step\" value=\"1\" \/>\n\n\t\t\t\t\t\t\t<input type=\"hidden\" name=\"action\" value=\"contactform_action\" \/>\n\t\t\t\t\t\t\t<input type=\"hidden\" id=\"_acf_nonce2\" name=\"_acf_nonce2\" value=\"a325dda905\" \/><input type=\"hidden\" name=\"_wp_http_referer\" value=\"\/index.php\/wp-json\/wp\/v2\/pages\/367\" \/>\n\n\t\t\t\t\t\t\t<button type=\"button\" class=\"bookingbutton1\">\n\t\t\t\t \t\t\t\t<span>Reserve Now<\/span>\n\t\t\t\t\t\t\t<\/button>\n\n\t\t\t\t\t\t<!-- END .booking-form-1 -->\n\t\t\t\t\t\t<\/form>\n\n\t\t\t\t\t<!-- END #tab-hourly -->\n\t\t\t\t\t<\/div>\n\t\t\t\t\t\n\t\t\t\t\t<!-- BEGIN #tab-flat -->\n\t\t\t\t\t<div id=\"tab-flat\">\n\n\t\t\t\t\t\t<!-- BEGIN .booking-form-1 -->\n\t\t\t\t\t\t<form action=\"https:\/\/www.olicarstoulon.fr\/index.php\/booking\/\" class=\"booking-form-1\" method=\"post\">\n\n\t\t\t\t\t\t\t<div class=\"booking-form-full\">\n\t\t\t\t\t\t\t\t<div class=\"select-wrapper\">\n\t\t\t\t\t\t\t\t\t<i class=\"fa fa-angle-down\"><\/i>\n\t\t\t\t\t\t\t\t \t<select name=\"flat-location\"><option value=\"480\">Marignane > Toulon<\/option><option value=\"478\">A\u00e9roport de Nice > Toulon<\/option><option value=\"481\">Toulon > A\u00e9roport de Marignane<\/option><option value=\"479\">Toulon > A\u00e9roport de Nice<\/option><\/select>\n\t\t\t\t\t\t\t\t<\/div>\n\t\t\t\t\t\t\t<\/div>\n\t\t\t\t\t\t\t\n\t\t\t\t\t\t\t<div class=\"booking-form-full\">\n\t\t\t\t\t\t\t\t<div class=\"select-wrapper\">\n\t\t\t\t\t\t\t\t\t<i class=\"fa fa-angle-down\"><\/i>\n\t\t\t\t\t\t\t\t \t<select name=\"return-journey\">\n\t\t\t\t\t\t\t\t\t\t<option value=\"false\">One Way<\/option>\n\t\t\t\t\t\t\t\t\t\t<option value=\"true\">Return<\/option>\n\t\t\t\t\t\t\t\t\t<\/select>\n\t\t\t\t\t\t\t\t<\/div>\n\t\t\t\t\t\t\t<\/div>\n\t\t\t\t\t\t\t\n\t\t\t\t\t\t\t<input type=\"text\" name=\"pickup-date\" class=\"datepicker pickup-date3\" value=\"\" placeholder=\"Pick Up Date\" \/>\n\n\t\t\t\t\t\t\t<div class=\"booking-form-time\">\n\t\t\t\t\t\t\t\t<label>Pick Up Time<\/label>\n\t\t\t\t\t\t\t<\/div>\n\n\t\t\t\t\t\t\t<div class=\"booking-form-hour\">\n\t\t\t\t\t\t\t\t<div class=\"select-wrapper\">\n\t\t\t\t\t\t\t\t\t<i class=\"fa fa-angle-down\"><\/i>\n\t\t\t\t\t\t\t\t \t<select name=\"time-hour\" class=\"time-hour3\"><option value=\"01\">01<\/option>\n\t\t<option value=\"02\">02<\/option>\n\t\t<option value=\"03\">03<\/option>\n\t\t<option value=\"04\">04<\/option>\n\t\t<option value=\"05\">05<\/option>\n\t\t<option value=\"06\">06<\/option>\n\t\t<option value=\"07\">07<\/option>\n\t\t<option value=\"08\">08<\/option>\n\t\t<option value=\"09\">09<\/option>\n\t\t<option value=\"10\">10<\/option>\n\t\t<option value=\"11\">11<\/option>\n\t\t<option value=\"12\">12<\/option>\n\t\t<option value=\"13\">13<\/option>\n\t\t<option value=\"14\">14<\/option>\n\t\t<option value=\"15\">15<\/option>\n\t\t<option value=\"16\">16<\/option>\n\t\t<option value=\"17\">17<\/option>\n\t\t<option value=\"18\">18<\/option>\n\t\t<option value=\"19\">19<\/option>\n\t\t<option value=\"20\">20<\/option>\n\t\t<option value=\"21\">21<\/option>\n\t\t<option value=\"22\">22<\/option>\n\t\t<option value=\"23\">23<\/option>\n\t\t<option value=\"00\">00<\/option><\/select>\n\t\t\t\t\t\t\t\t<\/div>\n\t\t\t\t\t\t\t<\/div>\n\n\t\t\t\t\t\t\t<div class=\"booking-form-min\">\n\t\t\t\t\t\t\t\t<div class=\"select-wrapper\">\n\t\t\t\t\t\t\t\t\t<i class=\"fa fa-angle-down\"><\/i>\n\t\t\t\t\t\t\t\t \t<select name=\"time-min\" class=\"time-min3\">\n\t\t\t\t\t\t\t\t\t\t<option value=\"00\">00<\/option>\n\t\t\t\t\t\t\t\t\t\t<option value=\"05\">05<\/option>\n\t\t\t\t\t\t\t\t\t\t<option value=\"10\">10<\/option>\n\t\t\t\t\t\t\t\t\t\t<option value=\"15\">15<\/option>\n\t\t\t\t\t\t\t\t\t\t<option value=\"20\">20<\/option>\n\t\t\t\t\t\t\t\t\t\t<option value=\"25\">25<\/option>\n\t\t\t\t\t\t\t\t\t\t<option value=\"30\">30<\/option>\n\t\t\t\t\t\t\t\t\t\t<option value=\"35\">35<\/option>\n\t\t\t\t\t\t\t\t\t\t<option value=\"40\">40<\/option>\n\t\t\t\t\t\t\t\t\t\t<option value=\"45\">45<\/option>\n\t\t\t\t\t\t\t\t\t\t<option value=\"50\">50<\/option>\n\t\t\t\t\t\t\t\t\t\t<option value=\"55\">55<\/option>\n\t\t\t\t\t\t\t\t\t<\/select>\n\t\t\t\t\t\t\t\t<\/div>\n\t\t\t\t\t\t\t<\/div>\n\t\t\t\t\t\t\t\n\t\t\t\t\t\t\t<input type=\"hidden\" name=\"form_type\" value=\"flat\" \/>\n\t\t\t\t\t\t\t<input type=\"hidden\" name=\"first_booking_step\" class=\"first_booking_step\" value=\"1\" \/>\n\t\t\t\t\t\t\t\n\t\t\t\t\t\t\t<input type=\"hidden\" name=\"action\" value=\"contactform_action\" \/>\n\t\t\t\t\t\t\t<input type=\"hidden\" id=\"_acf_nonce2\" name=\"_acf_nonce2\" value=\"a325dda905\" \/><input type=\"hidden\" name=\"_wp_http_referer\" value=\"\/index.php\/wp-json\/wp\/v2\/pages\/367\" \/>\n\n\t\t\t\t\t\t\t<button type=\"button\" class=\"bookingbutton1\">\n\t\t\t\t \t\t\t\t<span>Reserve Now<\/span>\n\t\t\t\t\t\t\t<\/button>\n\n\t\t\t\t\t\t<!-- END .booking-form-1 -->\n\t\t\t\t\t\t<\/form>\n\n\t\t\t\t\t<!-- END #tab-flat -->\n\t\t\t\t\t<\/div>\n\t\t\t\t\t\n\t\t\t\t<!-- END #booking-tabs -->\n\t\t\t\t<\/div>\n\n\t\t\t<!-- END .widget-booking-form-wrapper -->\n\t\t\t<\/div>\n\n\t\t\t<div class=\"booking-step-intro\"><h4>Demande de devis en ligne<\/h4>\n<p>Vous pouvez remplir la demande de devis en ligne dans le module ci-joint. Si vous n&#8217;\u00eates pas \u00e0 l&#8217;aise avec cette solution, nous pouvez nous contacter au 04 94 58 80 00.<\/p>\n<p>Vous pouvez \u00e9galement nous faire suivre un email sur <a href=\"mailto:info@olicars.fr\">info@olicars.fr<\/a> et nous vous r\u00e9pondrons rapidement.<\/p>\n<p>Pour \u00eatre plus efficace dans notre r\u00e9ponse et ne pas perdre de temps, nous avons besoin des informations suivantes pour vous r\u00e9pondre rapidement :<\/p>\n<hr class=\"space6\" \/>\n<div class=\"clearfix\">\n<div class=\"qns-one-half\">\n<ul class=\"list-style4\">\n<li>Date et heure de d\u00e9part<\/li>\n<li>Adresse de d\u00e9part<\/li>\n<li>Adresse de destination<\/li>\n<li>Date et heure de retour<\/li>\n<li>Nombre de passagers<\/li>\n<li>Nombre de bagages<\/li>\n<\/ul>\n<\/div>\n<div class=\"qns-one-half qns-last\">\n<ul class=\"list-style4\">\n<li>Nom de la soci\u00e9t\u00e9 ou de l&#8217;association<\/li>\n<li>Adresse de facturation<\/li>\n<li>Nom et pr\u00e9nom du responsable<\/li>\n<li>Num\u00e9ro de t\u00e9l\u00e9phone du responsable<\/li>\n<li>Options souhait\u00e9es : eau, snacking, agent d&#8217;accueil ou guide<\/li>\n<li>Coordonn\u00e9es du contact sur place<\/li>\n<\/ul>\n<\/div>\n<\/div>\n<\/div>\n\n\t\t<!-- END .clearfix -->\n\t\t<\/div>[\/vc_column][\/vc_row]<\/p>\n<\/div>","protected":false},"excerpt":{"rendered":"<p>[vc_row][vc_column][\/vc_column][\/vc_row]<\/p>\n","protected":false},"author":1,"featured_media":0,"parent":0,"menu_order":0,"comment_status":"closed","ping_status":"closed","template":"","meta":{"om_disable_all_campaigns":false,"_monsterinsights_skip_tracking":false,"_monsterinsights_sitenote_active":false,"_monsterinsights_sitenote_note":"","_monsterinsights_sitenote_category":0,"footnotes":""},"class_list":["post-367","page","type-page","status-publish","hentry"],"aioseo_notices":[],"_links":{"self":[{"href":"https:\/\/www.olicarstoulon.fr\/index.php\/wp-json\/wp\/v2\/pages\/367","targetHints":{"allow":["GET"]}}],"collection":[{"href":"https:\/\/www.olicarstoulon.fr\/index.php\/wp-json\/wp\/v2\/pages"}],"about":[{"href":"https:\/\/www.olicarstoulon.fr\/index.php\/wp-json\/wp\/v2\/types\/page"}],"author":[{"embeddable":true,"href":"https:\/\/www.olicarstoulon.fr\/index.php\/wp-json\/wp\/v2\/users\/1"}],"replies":[{"embeddable":true,"href":"https:\/\/www.olicarstoulon.fr\/index.php\/wp-json\/wp\/v2\/comments?post=367"}],"version-history":[{"count":4,"href":"https:\/\/www.olicarstoulon.fr\/index.php\/wp-json\/wp\/v2\/pages\/367\/revisions"}],"predecessor-version":[{"id":888,"href":"https:\/\/www.olicarstoulon.fr\/index.php\/wp-json\/wp\/v2\/pages\/367\/revisions\/888"}],"wp:attachment":[{"href":"https:\/\/www.olicarstoulon.fr\/index.php\/wp-json\/wp\/v2\/media?parent=367"}],"curies":[{"name":"wp","href":"https:\/\/api.w.org\/{rel}","templated":true}]}}